ase 5) to base 10.
-21
Convert 3 (base 13) to base 10.
3
What is -2210 (base 3) in base 8?
-113
What is -103 (base 4) in base 3?
-201
-5 (base 14) to base 3
-12
Convert 3 (base 10) to base 14.
3
What is 10111 (base 2) in base 12?
1b
1 (base 13) to base 5
1
What is 10 (base 4) in base 12?
4
5 (base 10) to base 8
5
What is 1 (base 3) in base 12?
1
What is -21120 (base 3) in base 15?
-d9
Convert 0 (base 12) to base 3.
0
What is 20 (base 4) in base 11?
8
Convert -1121 (base 3) to base 9.
-47
Convert -105 (base 12) to base 9.
-175
What is -1020 (base 3) in base 14?
-25
What is -114 (base 13) in base 15?
-c6
Convert 6 (base 14) to base 2.
110
What is 132 (base 4) in base 15?
20
-11 (base 8) to base 16
-9
119 (base 14) to base 12
163
Convert 37 (base 9) to base 11.
31
a (base 12) to base 16
a
What is -90 (base 11) in base 16?
-63
Convert 8 (base 11) to base 8.
10
Convert -1 (base 16) to base 8.
-1
What is -a5 (base 13) in base 10?
-135
-5 (base 16) to base 14
-5
What is -3 (base 4) in base 7?
-3
-1 (base 7) to base 13
-1
What is -33 (base 12) in base 10?
-39
1b (base 15) to base 10
26
Convert -3 (base 14) to base 6.
-3
Convert -2 (base 13) to base 15.
-2
1100 (base 2) to base 16
c
Convert -52 (base 11) to base 7.
-111
-21 (base 5) to base 16
-b
Convert 5 (base 13) to base 10.
5
-2 (base 13) to base 12
-2
What is -12 (base 16) in base 12?
-16
What is -7a (base 12) in base 11?
-86
Convert 24 (base 13) to base 16.
1e
Convert 18 (base 16) to base 15.
19
Convert -10 (base 6) to base 14.
-6
-16 (base 8) to base 12
-12
Convert 6 (base 9) to base 6.
10
Convert 7 (base 9) to base 8.
7
Convert 4 (base 16) to base 7.
4
12 (base 5) to base 10
7
-14 (base 14) to base 6
-30
What is -4 (base 10) in base 4?
-10
What is -3 (base 15) in base 6?
-3
What is -113 (base 4) in base 15?
-18
68 (base 10) to base 7
125
211 (base 4) to base 5
122
Convert -16 (base 12) to base 7.
-24
106 (base 7) to base 3
2001
What is 10 (base 5) in base 10?
5
7 (base 16) to base 10
7
55 (base 8) to base 11
41
Convert -8 (base 15) to base 3.
-22
What is 3 (base 16) in base 6?
3
What is 36 (base 9) in base 14?
25
Convert 111 (base 2) to base 12.
7
Convert -101 (base 2) to base 5.
-10
What is -54 (base 6) in base 2?
-100010
What is 4 (base 9) in base 11?
4
7 (base 12) to base 10
7
Convert -47 (base 9) to base 3.
-1121
10 (base 15) to base 11
14
Convert 18 (base 9) to base 2.
10001
Convert -5 (base 9) to base 8.
-5
What is 4 (base 8) in base 2?
100
What is 43 (base 15) in base 5?
223
What is -1220 (base 3) in base 8?
-63
Convert 3 (base 6) to base 7.
3
Convert -4 (base 11) to base 7.
-4
Convert 60 (base 13) to base 2.
1001110
-8 (base 12) to base 15
-8
-10 (base 4) to base 11
-4
-422 (base 5) to base 7
-220
Convert -11 (base 2) to base 7.
-3
Convert 31 (base 6) to base 5.
34
What is -2 (base 8) in base 13?
-2
9 (base 15) to base 13
9
-8 (base 13) to base 10
-8
What is 2 (base 7) in base 6?
2
1 (base 14) to base 9
1
Convert 6 (base 12) to base 6.
10
Convert 152 (base 15) to base 12.
212
Convert -10 (base 2) to base 7.
-2
What is 1c (base 15) in base 4?
123
Convert 12 (base 12) to base 5.
24
-3 (base 14) to base 7
-3
4a (base 11) to base 14
3c
-2 (base 15) to base 12
-2
Convert -1b6 (base 12) to base 10.
-282
-110 (base 2) to base 3
-20
What is 3 (base 10) in base 15?
3
Convert 17 (base 14) to base 8.
25
Convert 56 (base 10) to base 13.
44
Convert 110 (base 3) to base 8.
14
-3 (base 5) to base 7
-3
What is 1122 (base 4) in base 9?
110
1 (base 7) to base 4
1
Convert -1100 (base 3) to base 15.
-26
Convert -4 (base 8) to base 13.
-4
What is b (base 14) in base 2?
1011
Convert 1 (base 9) to base 4.
1
-11111 (base 2) to base 4
-133
5 (base 15) to base 14
5
What is -54 (base 11) in base 15?
-3e
What is 10 (base 3) in base 9?
3
Convert 132 (base 4) to base 3.
1010
15 (base 11) to base 14
12
2 (base 3) to base 2
10
-13 (base 9) to base 5
-22
Convert -126 (base 8) to base 13.
-68
What is 12 (base 12) in base 16?
e
Convert -44 (base 6) to base 15.
-1d
What is -64 (base 7) in base 13?
-37
Convert -1112 (base 5) to base 13.
-c1
What is 1133 (base 5) in base 6?
440
Convert -110 (base 10) to base 13.
-86
What is 2210 (base 3) in base 16?
4b
Convert 146 (base 8) to base 13.
7b
1201 (base 6) to base 15
144
4 (base 10) to base 3
11
Convert 0 (base 5) to base 9.
0
Convert 1 (base 12) to base 4.
1
Convert -2 (base 7) to base 3.
-2
Convert 101 (base 4) to base 6.
25
What is -1 (base 2) in base 16?
-1
172 (base 11) to base 3
21102
Convert a (base 15) to base 3.
101
0 (base 10) to base 15
0
What is -11 (base 16) in base 14?
-13
79 (base 10) to base 8
117
Convert 3 (base 12) to base 5.
3
Convert -112 (base 5) to base 6.
-52
-1110 (base 2) to base 11
-13
What is -9 (base 15) in base 10?
-9
What is 204 (base 12) in base 15?
147
What is -11 (base 2) in base 6?
-3
Convert 10 (base 4) to base 14.
4
What is -1001 (base 2) in base 3?
-100
-4 (base 10) to base 16
-4
What is -9 (base 15) in base 13?
-9
5 (base 9) to base 6
5
What is -9 (base 15) in base 8?
-11
What is 5 (base 11) in base 14?
5
Convert 2 (base 10) to base 5.
2
29 (base 13) to base 11
32
Convert -9 (base 16) to base 9.
-10
Convert -1010011 (base 2) to base 14.
-5d
-6 (base 11) to base 15
-6
What is 3 (base 10) in base 3?
10
What is -47 (base 10) in base 12?
-3b
Convert 2 (base 15) to base 11.
2
What is -4 (base 5) in base 2?
-100
-1 (base 5) to base 6
-1
Convert 10 (base 13) to base 3.
111
What is -12 (base 10) in base 16?
-c
Convert -b (base 12) to base 2.
-1011
12 (base 9) to base 8
13
1 (base 6) to base 3
1
What is -1d (base 15) in base 8?
-34
-44 (base 9) to base 15
-2a
-22 (base 16) to base 15
-24
What is -35 (base 11) in base 6?
-102
Convert -130 (base 5) to base 10.
-40
Convert -2 (base 5) to base 13.
-2
79 (base 15) to base 12
96
Convert 2112 (base 3) to base 2.
1000100
Convert 2 (base 8) to base 11.
2
What is -141 (base 5) in base 13?
-37
-33 (base 9) to base 13
-24
What is 101 (base 2) in base 5?
10
Convert 103 (base 10) to base 15.
6d
-5 (base 15) to base 8
-5
-21 (base 13) to base 16
-1b
221 (base 9) to base 10
181
3 (base 16) to base 11
3
Convert 2 (base 3) to base 16.
2
4 (base 12) to base 8
4
What is 34 (base 6) in base 10?
22
What is -12 (base 8) in base 11?
-a
Convert 10 (base 3) to base 13.
3
-4 (base 9) to base 2
-100
Convert -1 (base 5) to base 7.
-1
-101011 (base 2) to base 10
-43
What is 1011 (base 2) in base 10?
11
What is -27 (base 11) in base 10?
-29
Convert -43 (base 13) to base 14.
-3d
What is -11122 (base 3) in base 7?
-236
Convert -4 (base 5) to base 3.
-11
-16 (base 14) to base 7
-26
22 (base 3) to base 2
1000
-94 (base 14) to base 12
-aa
What is -160 (base 7) in base 11?
-83
Convert 5 (base 13) to base 3.
12
1 (base 5) to base 8
1
40 (base 5) to base 8
24
Convert 11 (base 2) to base 14.
3
What is 2 (base 13) in base 6?
2
87 (base 16) to base 15
90
Convert -101 (base 4) to base 15.
-12
1001 (base 2) to base 8
11
-a9 (base 12) to base 7
-243
244 (base 5) to base 10
74
What is -247 (base 13) in base 12?
-291
What is -12 (base 3) in base 9?
-5
-7 (base 14) to base 13
-7
What is 1 (base 14) in base 12?
1
68 (base 14) to base 12
78
170 (base 8) to base 10
120
What is 130 (base 6) in base 8?
66
Convert -22 (base 4) to base 10.
-10
-63 (base 8) to base 7
-102
0 (base 14) to base 2
0
-2 (base 10) to base 4
-2
3 (base 4) to base 12
3
What is -102022 (base 3) in base 13?
-1a6
-1 (base 2) to base 3
-1
Convert 54 (base 13) to base 9.
76
What is -49 (base 15) in base 3?
-2120
-10 (base 6) to base 9
-6
Convert 1 (base 16) to base 9.
1
What is -29 (base 10) in base 14?
-21
Convert 1111 (base 2) to base 7.
21
147 (base 15) to base 13
196
What is -312 (base 4) in base 3?
-2000
-62 (base 10) to base 14
-46
What is -343 (base 5) in base 12?
-82
22110 (base 3) to base 2
11100100
Convert -29 (base 16) to base 4.
-221
What is -82 (base 12) in base 2?
-1100010
Convert -4 (base 11) to base 2.
-100
-205 (base 7) to base 11
-94
What is 2 (base 5) in base 10?
2
What is 169 (base 11) in base 7?
400
Convert 21 (base 4) to base 5.
14
Convert 1 (base 12) to base 5.
1
Convert -354 (base 7) to base 3.
-20220
105 (base 11) to base 12
a6
What is 1001 (base 2) in base 16?
9
-1200 (base 3) to base 12
-39
Convert 3 (base 7) to base 3.
10
Convert 15 (base 12) to base 7